437?
True
Is 78656637 a multiple of 3?
True
Does 23 divide 18579434?
False
Does 1007 divide 95348207?
False
Is 213996945 a multiple of 387?
False
Does 11 divide 423699246?
False
Does 45 divide 6844993?
False
Does 8588 divide 1886445919?
False
Does 15 divide 12096840?
True
Is 9307312 a multiple of 8?
True
Is 30040900 a multiple of 950?
True
Does 277 divide 147450401?
False
Is 2359599411 a multiple of 3919?
False
Is 758327236 a multiple of 127?
False
Is 5235054 a multiple of 22?
True
Is 2992184628 a multiple of 12?
True
Is 271 a factor of 46633951?
True
Does 67 divide 23884941?
False
Is 87 a factor of 407559289?
False
Is 32 a factor of 594872256?
True
Does 51 divide 63695019?
False
Does 743 divide 692763541?
True
Does 13 divide 161985173?
False
Does 52 divide 435299228?
True
Is 73483939 a multiple of 50?
False
Is 21 a factor of 91102242?
True
Does 16 divide 177107408?
True
Is 1964 a factor of 16397436?
True
Does 50 divide 1151088900?
True
Does 1792 divide 176298752?
True
Does 896 divide 2600192?
True
Is 1804521830 a multiple of 1018?
False
Is 192524851 a multiple of 29?
False
Is 400774983 a multiple of 8003?
False
Is 368748351 a multiple of 23?
True
Is 323460774 a multiple of 78?
True
Does 44 divide 1196696424?
True
Does 1589 divide 24604736?
False
Is 26812638 a multiple of 34?
True
Does 281 divide 9308687?
True
Is 14 a factor of 33232976?
True
Is 183053250 a multiple of 470?
True
Is 79346256 a multiple of 528?
True
Does 15 divide 197153332?
False
Does 69 divide 78179482?
False
Does 18 divide 616420949?
False
Is 102583152 a multiple of 56?
True
Is 34834834 a multiple of 422?
True
Is 916157849 a multiple of 8539?
True
Is 6879248 a multiple of 210?
False
Does 20 divide 266352013?
False
Does 592 divide 375251040?
True
Does 14 divide 266753774?
True
Is 59532939 a multiple of 53?
True
Is 192487092 a multiple of 276?
True
Is 10 a factor of 1730770?
True
Is 43515348 a multiple of 17?
False
Is 72 a factor of 3408552?
True
Is 94944320 a multiple of 544?
True
Is 226386888 a multiple of 260?
False
Does 1637 divide 368634125?
False
Does 15 divide 6880335?
True
Is 2113 a factor of 651046995?
True
Is 393110586 a multiple of 6?
True
Is 11 a factor of 2406459055?
True
Is 276 a factor of 44543364?
True
Is 412190881 a multiple of 19?
False
Does 52 divide 30171809?
False
Does 33 divide 478732056?
True
Does 202 divide 9146358?
True
Is 225660904 a multiple of 28?
True
Is 288546157 a multiple of 79?
True
Is 987 a factor of 23437386?
False
Does 75 divide 1757418?
False
Is 22283435 a multiple of 317?
False
Is 572017194 a multiple of 9?
True
Is 844 a factor of 864953144?
True
Is 116 a factor of 2455528136?
True
Is 3 a factor of 18815?
False
Is 80669569 a multiple of 47?
False
Does 12 divide 845134619?
False
Is 444 a factor of 202987032?
True
Is 33 a factor of 18796747?
False
Is 95752586 a multiple of 12?
False
Does 299 divide 1670223500?
False
Is 150 a factor of 17397659?
False
Is 74 a factor of 6903573?
False
Is 97 a factor of 13341283?
True
Does 166 divide 85790952?
False
Does 2080 divide 70571130?
False
Is 372329490 a multiple of 10?
True
Is 31 a factor of 1039518472?
False
Is 11256072 a multiple of 1384?
True
Is 80 a factor of 25596320?
True
Is 22 a factor of 149673788?
True
Is 2817 a factor of 413456724?
True
Is 11 a factor of 1256578356?
True
Is 3089 a factor of 421709810?
False
Is 135679050 a multiple of 1215?
True
Is 243799856 a multiple of 272?
True
Does 32 divide 60595986?
False
Is 883648849 a multiple of 376?
False
Is 10165951 a multiple of 26?
False
Does 2 divide 188867827?
False
Does 2927 divide 133453638?
True
Does 36 divide 237032028?
True
Is 275 a factor of 2086005576?
False
Is 658945844 a multiple of 27?
False
Is 58631312 a multiple of 37?
False
Is 6314 a factor of 2328678769?
False
Is 825 a factor of 216239925?
True
Is 1003 a factor of 78771769?
False
Is 32 a factor of 2711010?
False
Does 38 divide 4057860471?
False
Is 138713711 a multiple of 248?
False
Is 1365458458 a multiple of 91?
True
Is 124 a factor of 133494804?
True
Is 276 a factor of 442494516?
True
Is 63 a factor of 256473764?
False
Is 281489214 a multiple of 146?
False
Does 54 divide 2486916?
True
Is 8 a factor of 642183154?
False
Is 26834094 a multiple of 42?
True
Does 103 divide 94136328?
False
Does 305 divide 156933175?
True
Does 949 divide 1013917052?
False
Is 124174 a multiple of 47?
True
Does 23 divide 93890646?
True
Is 9 a factor of 358535025?
True
Does 28 divide 399958410?
False
Does 245 divide 43691887?
False
Is 12 a factor of 9807456?
True
Is 45 a factor of 57206709?
False
Does 2135 divide 441989835?
True
Does 129 divide 578551197?
True
Is 19137060 a multiple of 20?
True
Is 16516921 a multiple of 241?
False
Is 1033202870 a multiple of 35?
True
Is 35 a factor of 55378924?
False
Is 5763376 a multiple of 252?
False
Is 2795328 a multiple of 32?
True
Does 10 divide 592166870?
True
Is 59 a factor of 472620120?
False
Is 3190 a factor of 113364265?
False
Does 21 divide 12926625?
False
Is 9 a factor of 416965?
False
Is 8291 a factor of 2544167969?
True
Is 191776928 a multiple of 112?
True
Does 13 divide 535499999?
False
Does 2406 divide 477755294?
False
Is 22532725 a multiple of 209?
False
Does 25 divide 184507300?
True
Does 33 divide 18772493?
False
Does 51 divide 924785295?
True
Is 1159737157 a multiple of 131?
False
Is 3030 a factor of 1006555921?
False
Does 11 divide 405276088?
False
Does 13 divide 22037273?
False
Does 2 divide 4041899?
False
Is 68 a factor of 1689800?
True
Is 128 a factor of 18601283?
False
Does 2963 divide 1073379343?
True
Is 4410631186 a multiple of 923?
True
Does 51 divide 2334118734?
True
Does 8 divide 3004832?
True
Is 95448155 a multiple of 11?
True
Is 63598279 a multiple of 278?
False
Is 115 a factor of 988111331?
False
Is 1459393477 a multiple of 551?
True
Is 3425292 even?
True
Is 9821114 a multiple of 61?
False
Is 42 a factor of 1230635616?
True
Is 122529322 a multiple of 64?
False
Does 253 divide 3934656?
True
Is 77794950 a multiple of 25?
True
Does 8 divide 136926048?
True
Does 2033 divide 670570819?
True
Does 2066 divide 1232108751?
False
Is 368042406 a multiple of 14?
False
Is 707331422 a multiple of 63?
False
Does 12 divide 265714700?
False
Is 237744323 a multiple of 24?
False
Does 47 divide 192859392?
False
Does 68 divide 16238049?
False
Is 6186541296 a multiple of 166?
False
Is 522 a factor of 28279665?
False
Does 793 divide 55068642?
False
Does 68 divide 5304731544?
True
Is 7179678 a multiple of 18?
True
Does 248 divide 166416184?
True
Does 125 divide 98312000?
True
Does 39 divide 6261255?
True
Does 29 divide 31650252?
True
Does 84 divide 55136928?
True
Does 217 divide 672049?
True
Is 4890 a factor of 1049379330?
True
Is 5047 a factor of 1485735860?
True
Is 474261142 a multiple of 98?
False
Is 35628401 a multiple of 295?
False
Does 11 divide 102829817?
False
Is 77 a factor of 7477376137?
True
Is 26 a factor of 107677908?
True
Does 49 divide 3358444126?
False
Is 862 a factor of 1961114650?
True
Is 58450144 a multiple of 16?
True
Is 344268035 a multiple of 485?
True
Is 20801612 a multiple of 4?
True
Is 42 a factor of 86338047?
False
Does 976 divide 7016175?
False
Is 41 a factor of 11454908?
True
Does 64 divide 191296704?
True
Is 309673512 a multiple of 72?
True
Is 36 a factor of 178588198?
False
Does 34 divide 5315594?
True
Does 223 divide 360635892?
False
Is 79087012 a multiple of 121?
False
Is 58551035 a multiple of 2790?
False
Does 1847 divide 1179272560?
True
Is 1091428 a multiple of 115?
False
Does 37 divide 8578117?
True
Does 196 divide 56998305?
False
Does 1379 divide 87540299?
True
Is 3831240 a multiple of 60?
True
Is 44168079 a multiple of 32?
False
Does 9 divide 49338627?
False
Does 430 divide 176143050?
True
Does 135 divide 1143342215?
False
Is 8528364 a multiple of 39?
True
Is 58236266 a multiple of 1966?
False
Is 808418496 a multiple of 2976?
True
Is 81750223 a multiple of 293?
True
Does 4 divide 234021648?
True
Does 83 divide 431085327?
False
Is 72 a factor of 7183080?
True
Does 281 divide 194166597?
False
Is 6300765 even?
False
Does 127 divide 169818?
False
Is 2611223 a multiple of 31?
True
Is 1420 a factor of 320533760?
True
Is 1947919490 a multiple of 29?
False
Is 81811025 a multiple of 83?
True
Is 288420875 a multiple of 1073?
False